{"id":3,"date":"2024-11-14T16:54:50","date_gmt":"2024-11-14T15:54:50","guid":{"rendered":"http:\/\/www.nutrizionistalorenzostella.it\/?page_id=3"},"modified":"2025-01-16T11:31:18","modified_gmt":"2025-01-16T10:31:18","slug":"privacy-policy","status":"publish","type":"page","link":"https:\/\/www.nutrizionistalorenzostella.it\/index.php\/privacy-policy\/","title":{"rendered":"Privacy Policy"},"content":{"rendered":"[et_pb_section fb_built=&#8221;1&#8243; admin_label=&#8221;section&#8221; _builder_version=&#8221;4.16&#8243; global_colors_info=&#8221;{}&#8221;][et_pb_row admin_label=&#8221;row&#8221; _builder_version=&#8221;4.16&#8243; background_size=&#8221;initial&#8221; background_position=&#8221;top_left&#8221; background_repeat=&#8221;repeat&#8221; global_colors_info=&#8221;{}&#8221;][et_pb_column type=&#8221;4_4&#8243; _builder_version=&#8221;4.16&#8243; custom_padding=&#8221;|||&#8221; global_colors_info=&#8221;{}&#8221; custom_padding__hover=&#8221;|||&#8221;][et_pb_text admin_label=&#8221;Text&#8221; _builder_version=&#8221;4.27.4&#8243; background_size=&#8221;initial&#8221; background_position=&#8221;top_left&#8221; background_repeat=&#8221;repeat&#8221; hover_enabled=&#8221;0&#8243; global_colors_info=&#8221;{}&#8221; sticky_enabled=&#8221;0&#8243;]<p><\/p>\n<p><strong>Informativa ai sensi dell\u2019articolo 13 del Regolamento Europeo 2016\/679 relativo alla protezione delle persone fisiche con riguardo al trattamento dei dati personali, nonch\u00e9 alla libera circolazione di tali dati.<\/strong><strong>\u2028<\/strong><\/p>\n<p>Gentile Utente, questa informativa \u00e8 valida solo per il sito <a href=\"https:\/\/www.nutrizionistalorenzostella.it\">https:\/\/www.nutrizionistalorenzostella.it<\/a> e non anche per altri siti web, pagine o servizi online consultati tramite eventuali link ipertestuali eventualmente pubblicati nel sito a partire dal presente sito.<\/p>\n<p><strong>Titolare del trattamento<\/strong><\/p>\n<p>A seguito della consultazione del nostro sito potranno essere trattati dati relativi a persone fisiche identificate o identificabili.\u2028Titolare del trattamento \u00e8 Dottor Lorenzo Stella Biologo Nutrizionista, Piazza San Cristoforo 7, Udine telefono +39 378 417 0287, e-mail info@nutrizionalorenzostella.it<\/p>\n<p><strong>Dati raccolti<\/strong><\/p>\n<p><strong>Dati di navigazione<\/strong><\/p>\n<p>La informiamo che i sistemi informatici e le procedure software necessarie al funzionamento del presente sito web acquisiscono, durante la navigazione, alcuni dati personali la cui trasmissione \u00e8 compresa nell\u2019uso dei protocolli di comunicazione di Internet.<\/p>\n<p>Si tratta di informazioni che non sono raccolte per essere associate a interessati identificati, ma che per loro stessa natura potrebbero, attraverso elaborazioni e associazioni con dati detenuti da terzi, permettere di identificare gli utenti.<\/p>\n<p>Potremmo raccogliere dati di sistema e di applicazione dai dispositivi che Lei utilizzer\u00e0, tra cui il nome del dispositivo, versione del sistema e delle applicazioni, impostazioni regionali e della lingua, numero identificativo del dispositivo, eventuali informazioni sulla localit\u00e0 geografica, l\u2019ID di rete del Suo gestore e il suo indirizzo IP.<\/p>\n<p>Potremmo raccogliere informazioni di registro, quali l\u2019ora e la durata di utilizzo dei nostri servizi, termini di interrogazione di ricerca da Lei immessi tramite i nostri servizi e qualsiasi informazione memorizzata nei cookies che abbiamo impostato nel nostro o web.<\/p>\n<p>Questi dati vengono utilizzati al solo scopo di effettuare indagini a seguito di problemi tecnici e di sicurezza. Per tali finalit\u00e0 si ritiene necessario conservare i dati sui contatti web per 24 mesi.<\/p>\n<p><strong>Cookie<\/strong><\/p>\n<p>I cookie sono piccoli frammenti di testo che un sito web invia al client (software di navigazione dell\u2019utente). Il client memorizza localmente l\u2019informazione e la ritrasmette al server (Sito) ad un successivo accesso, sia esso immediato o riferito ad una visita futura.<\/p>\n<p>Un cookie contiene alcuni dati di servizio (data ed ora, durata, sito da cui proviene) ed un contenuto testuale che solitamente \u00e8 un codice numerico. Questo codice serve per rendere l\u2019esperienza utente pi\u00f9 comoda permettendo, ad esempio, al Sito di ricordarsi preferenze di visualizzazione, lingua, etc.<\/p>\n<p>In nessun caso, saranno utilizzati con la finalit\u00e0 di tracciare comportamenti specifici dell\u2019utente. Il sito, pertanto, utilizza solo cookie tecnici e in nessun modo cookie di profilazione.<\/p>\n<p>Il Sito utilizza sia cookie temporanei (di sessione, che durano solo il tempo di una visita) che permanenti (durano l\u2019accordo di tempo di pi\u00f9 visite).<\/p>\n<p>&nbsp;<\/p>\n<p><strong>Informazioni raccolte con i cookie<\/strong><\/p>\n<p>Utilizziamo cookie sia di sessione che permanenti per:<\/p>\n<ul>\n<li>consentire al Sito di ricordare all\u2019utente dati quali preferenze di navigazione e dati di login, in modo da non dover re-inserire tutte le sue informazioni quando passa da una pagina all\u2019altra.<\/li>\n<li>statistiche (anonime) volte al miglioramento del sito.\u2028Ulteriori informazioni sui cookie e sui diritti dell\u2019utente sono disponibili qui: \u2028http:\/\/www.youronlinechoices.com\/. \u2028<strong>Dati forniti volontariamente dall\u2019utente\u00a0<\/strong>\u2028L\u2019invio facoltativo, esplicito e volontario di messaggi agli indirizzi di contatto del Titolare del trattamento nonch\u00e9 la compilazione e l\u2019inoltro dei moduli presenti sul sito, o la registrazione al nostro store online comportano l\u2019acquisizione dei Suoi dati di contatto, nonch\u00e9 di tutti i dati personali inclusi nelle comunicazioni, necessari a risponderLe, gestire i suoi ordini e\/o erogare il servizio o fornirle il prodotto da Lei richiesto. Specifiche informative di sintesi possono essere riportate o visualizzate nelle pagine del sito predisposte per particolari servizi a richiesta. \u2028<strong>Finalit\u00e0 del trattamento e periodo di conservazione dei dati\u00a0<\/strong>\u2028Le finalit\u00e0 di trattamento dei dati da Lei forniti tramite la compilazione dei moduli presenti nel sito sono indicate di seguito.\u2028a)\u00a0<strong>Fornire le informazioni da Lei richieste.\u00a0<\/strong>I dati trattati per tale finalit\u00e0 sono conservati \u2028per 2 anni, ma alcuni Suoi dati personali potranno o dovranno continuare a essere trattati \u2028per le finalit\u00e0 indicate nei punti successivi.\u2028b)\u00a0<strong>Fornire i servizi o prodotti da Lei richiesti\u00a0<\/strong>e gestire i relativi aspetti contrattuali ed ai \u2028conseguenti adempimenti degli obblighi legali e fiscali, nonch\u00e9 consentire una efficace gestione dei rapporti finanziari, commerciali e amministrativi. I dati trattati per tale finalit\u00e0 sono conservati per il tempo previsto dalle leggi vigenti e comunque per non oltre 10 anni dalla cessazione del rapporto. \u2028c)\u00a0<strong>Ricevere e trattare il suo curriculum, in seguito all\u2019invio da Lei effettuato<\/strong>. I dati trattati per tale finalit\u00e0 sono conservati per 2 anni. \u2028<strong>Base giuridica del trattamento<\/strong><strong>\u2028<\/strong>Il trattamento dei dati di cui alla finalit\u00e0 a), b) \u00e8\u00a0<strong>lecito\u00a0<\/strong>perch\u00e9 necessario all\u2019esecuzione del \u2028contratto e di misure precontrattuali. Per tale trattamento non \u00e8 richiesto il Suo consenso. \u2028Il trattamento dei dati di cui alla finalit\u00e0 c) \u00e8\u00a0<strong>lecito\u00a0<\/strong>per esecuzione di misure precontrattuali in seguito al ricevimento del suo curriculum o altra documentazione da Lei spontaneamente inviata. \u2028<strong>Obbligatoriet\u00e0 del conferimento dei dati\u00a0<\/strong>\u2028Lei \u00e8 libero di fornire i dati personali mediante la compilazione del form di richiesta\/registrazione oppure inviandoci una e-mail. L\u2019eventuale non comunicazione, o comunicazione errata, di una delle informazioni indicate come obbligatorie nel form, pu\u00f2 causare l\u2019impossibilit\u00e0 del Titolare di gestire la Sua richiesta.<\/li>\n<\/ul>\n<p>Il\u00a0<strong>conferimento dei dati\u00a0<\/strong>per la finalit\u00e0 a), b) \u00e8 necessario per rispondere alla Sua richiesta di informazioni e\/o per l\u2019esecuzione del contratto e di misure precontrattuali. In caso di rifiuto al conferimento dei dati non potremo fornirLe i servizi connessi a tale finalit\u00e0.<\/p>\n<p>Il\u00a0<strong>conferimento dei dati\u00a0<\/strong>per le finalit\u00e0 c) \u00e8 facoltativo, il mancato conferimento non ci permetter\u00e0 di fornirLe i servizi connessi a tali finalit\u00e0.<\/p>\n<p><strong>Modalit\u00e0 di trattamento<\/strong><\/p>\n<p>I Suoi dati saranno trattati con l\u2019utilizzo di strumenti cartacei ed elettronici, garantendo la riservatezza ed integrit\u00e0 dei dati stessi. Nei limiti strettamente necessari alle finalit\u00e0 indicate sopra e nella piena tutela della sua riservatezza e dei Suoi diritti, i dati personali da Lei forniti\u00a0<strong>potranno essere conosciuti\u00a0<\/strong>da dipendenti e collaboratori del Titolare del trattamento in quanto soggetti autorizzati al trattamento dei dati.<\/p>\n<p><strong>Destinatari dei dati<\/strong><\/p>\n<p>I dati personali da Lei conferiti\u00a0<strong>potranno essere comunicati\u00a0<\/strong>ai seguenti soggetti designati ai sensi dell\u2019articolo 28 del Regolamento, quali responsabili del trattamento: societ\u00e0 che gestiscono il sito web per nostro conto, societ\u00e0 che si occupano per nostro conto delle attivit\u00e0 di pagamento, societ\u00e0\/studi professionali che prestano attivit\u00e0 di assistenza, consulenza o collaborazione al titolare del trattamento, in materia contabile, amministrativa, fiscale, legale, tributaria e finanziaria (solo per la finalit\u00e0 b).<\/p>\n<p><strong>Diffusione dei dati<\/strong><\/p>\n<p>Non \u00e8 prevista alcuna forma di diffusione dei Suoi dati.<\/p>\n<p><strong>Trasferimento di dati verso paesi terzi<\/strong><\/p>\n<p>I Suoi dati personali non verranno trasferiti verso paesi terzi o organizzazioni internazionali; il trattamento verr\u00e0 effettuato all\u2019interno dei confini dell\u2019Unione Europea.<\/p>\n<p><strong>Diritti degli interessati<\/strong><\/p>\n<p>Desideriamo inoltre informarla che il Regolamento europeo (artt. 15 e ss)\u00a0<strong>Le riconosce alcuni diritti<\/strong>, per quanto applicabili al trattamento eseguito e alle finalit\u00e0 definite, quali il diritto di accedere ai propri dati personali, il diritto di opporsi al trattamento, il diritto di rettifica, di portabilit\u00e0, di limitazione del trattamento, di cancellazione e di revoca del consenso. In particolare, in relazione alla finalit\u00e0 d), attivit\u00e0 di marketing, il Suo diritto di opposizione al trattamento dei dati personali per le tali finalit\u00e0, effettuato attraverso modalit\u00e0 automatizzate di contatto, si estende a quelle tradizionali e comunque in qualsiasi momento Lei la possibilit\u00e0 di esercitare tale diritto in parte, opponendosi ad esempio, al solo invio di comunicazioni promozionali effettuato tramite uno o pi\u00f9 strumenti automatizzati sopra descritti.<\/p>\n<p><strong>Tali diritti si possono esercitare rivolgendo le richieste\u00a0<\/strong>via e-mail all\u2019indirizzo <a href=\"mailto:info@nutrizionalorenzostella.it\">info@nutrizionalorenzostella.it<\/a> o via posta raccomandata all\u2019indirizzo della sede di Piazza San Cristoforo 7,33100 Udine, sede del di Titolare del Trattamento.<\/p>\n<p>Le ricordiamo inoltre che, nel caso Lei ritenga che il trattamento dei Suoi dati personali effettuato attraverso questo sito avvenga in violazione di quanto previsto dal Regolamento, Le \u00e8 anche riconosciuto il\u00a0<strong>diritto di proporre reclamo all\u2019autorit\u00e0 di controllo<\/strong>.<\/p>\n<p>&nbsp;<\/p>\n<p><\/p>[\/et_pb_text][\/et_pb_column][\/et_pb_row][\/et_pb_section]","protected":false},"excerpt":{"rendered":"<p>Informativa ai sensi dell\u2019articolo 13 del Regolamento Europeo 2016\/679 relativo alla protezione delle persone fisiche con riguardo al trattamento dei dati personali, nonch\u00e9 alla libera circolazione di tali dati.\u2028 Gentile Utente, questa informativa \u00e8 valida solo per il sito https:\/\/www.nutrizionistalorenzostella.it e non anche per altri siti web, pagine o servizi online consultati tramite eventuali link [&hellip;]<\/p>\n","protected":false},"author":1,"featured_media":0,"parent":0,"menu_order":0,"comment_status":"closed","ping_status":"open","template":"","meta":{"_et_pb_use_builder":"on","_et_pb_old_content":"<!-- wp:heading --><h2>Chi siamo<\/h2><!-- \/wp:heading --><!-- wp:paragraph --><p><strong class=\"privacy-policy-tutorial\">Testo suggerito: <\/strong>L'indirizzo del nostro sito web \u00e8: http:\/\/www.nutrizionistalorenzostella.it.<\/p><!-- \/wp:paragraph --><!-- wp:heading --><h2>Commenti<\/h2><!-- \/wp:heading --><!-- wp:paragraph --><p><strong class=\"privacy-policy-tutorial\">Testo suggerito: <\/strong>Quando i visitatori lasciano commenti sul sito, raccogliamo i dati mostrati nel modulo dei commenti oltre all'indirizzo IP del visitatore e la stringa dello user agent del browser per facilitare il rilevamento dello spam.<\/p><!-- \/wp:paragraph --><!-- wp:paragraph --><p>Una stringa anonimizzata creata a partire dal tuo indirizzo email (altrimenti detta hash) pu\u00f2 essere fornita al servizio Gravatar per vedere se lo stai usando. La privacy policy del servizio Gravatar \u00e8 disponibile qui: https:\/\/automattic.com\/privacy\/. Dopo l'approvazione del tuo commento, la tua immagine del profilo \u00e8 visibile al pubblico nel contesto del tuo commento.<\/p><!-- \/wp:paragraph --><!-- wp:heading --><h2>Media<\/h2><!-- \/wp:heading --><!-- wp:paragraph --><p><strong class=\"privacy-policy-tutorial\">Testo suggerito: <\/strong>Se carichi immagini sul sito web, dovresti evitare di caricare immagini che includono i dati di posizione incorporati (EXIF GPS). I visitatori del sito web possono scaricare ed estrarre qualsiasi dato sulla posizione dalle immagini sul sito web.<\/p><!-- \/wp:paragraph --><!-- wp:heading --><h2>Cookie<\/h2><!-- \/wp:heading --><!-- wp:paragraph --><p><strong class=\"privacy-policy-tutorial\">Testo suggerito: <\/strong>Se lasci un commento sul nostro sito, puoi scegliere di salvare il tuo nome, indirizzo email e sito web nei cookie. Sono usati per la tua comodit\u00e0 in modo che tu non debba inserire nuovamente i tuoi dati quando lasci un altro commento. Questi cookie dureranno per un anno.<\/p><!-- \/wp:paragraph --><!-- wp:paragraph --><p>Se visiti la pagina di login, verr\u00e0 impostato un cookie temporaneo per determinare se il tuo browser accetta i cookie. Questo cookie non contiene dati personali e viene eliminato quando chiudi il browser.<\/p><!-- \/wp:paragraph --><!-- wp:paragraph --><p>Quando effettui l'accesso, verranno impostati diversi cookie per salvare le tue informazioni di accesso e le tue opzioni di visualizzazione dello schermo. I cookie di accesso durano due giorni mentre i cookie per le opzioni dello schermo durano un anno. Se selezioni &quot;Ricordami&quot;, il tuo accesso persister\u00e0 per due settimane. Se esci dal tuo account, i cookie di accesso verranno rimossi.<\/p><!-- \/wp:paragraph --><!-- wp:paragraph --><p>Se modifichi o pubblichi un articolo, un cookie aggiuntivo verr\u00e0 salvato nel tuo browser. Questo cookie non include dati personali, ma indica semplicemente l'ID dell'articolo appena modificato. Scade dopo 1 giorno.<\/p><!-- \/wp:paragraph --><!-- wp:heading --><h2>Contenuto incorporato da altri siti web<\/h2><!-- \/wp:heading --><!-- wp:paragraph --><p><strong class=\"privacy-policy-tutorial\">Testo suggerito: <\/strong>Gli articoli su questo sito possono includere contenuti incorporati (ad esempio video, immagini, articoli, ecc.). I contenuti incorporati da altri siti web si comportano esattamente allo stesso modo come se il visitatore avesse visitato l'altro sito web.<\/p><!-- \/wp:paragraph --><!-- wp:paragraph --><p>Questi siti web possono raccogliere dati su di te, usare cookie, integrare ulteriori tracciamenti di terze parti e monitorare l'interazione con essi, incluso il tracciamento della tua interazione con il contenuto incorporato se hai un account e sei connesso a quei siti web.<\/p><!-- \/wp:paragraph --><!-- wp:heading --><h2>Con chi condividiamo i tuoi dati<\/h2><!-- \/wp:heading --><!-- wp:paragraph --><p><strong class=\"privacy-policy-tutorial\">Testo suggerito: <\/strong>Se richiedi una reimpostazione della password, il tuo indirizzo IP verr\u00e0 incluso nell'email di reimpostazione.<\/p><!-- \/wp:paragraph --><!-- wp:heading --><h2>Per quanto tempo conserviamo i tuoi dati<\/h2><!-- \/wp:heading --><!-- wp:paragraph --><p><strong class=\"privacy-policy-tutorial\">Testo suggerito: <\/strong>Se lasci un commento, il commento e i relativi metadati vengono conservati a tempo indeterminato. \u00c8 cos\u00ec che possiamo riconoscere e approvare automaticamente eventuali commenti successivi invece di tenerli in una coda di moderazione.<\/p><!-- \/wp:paragraph --><!-- wp:paragraph --><p>Per gli utenti che si registrano sul nostro sito web (se presenti), memorizziamo anche le informazioni personali che forniscono nel loro profilo utente. Tutti gli utenti possono vedere, modificare o cancellare le loro informazioni personali in qualsiasi momento (eccetto il loro nome utente che non possono cambiare). Gli amministratori del sito web possono anche vedere e modificare queste informazioni.<\/p><!-- \/wp:paragraph --><!-- wp:heading --><h2>Quali diritti hai sui tuoi dati<\/h2><!-- \/wp:heading --><!-- wp:paragraph --><p><strong class=\"privacy-policy-tutorial\">Testo suggerito: <\/strong>Se hai un account su questo sito, o hai lasciato commenti, puoi richiedere di ricevere un file esportato dal sito con i dati personali che abbiamo su di te, compresi i dati che ci hai fornito. Puoi anche richiedere che cancelliamo tutti i dati personali che ti riguardano. Questo non include i dati che siamo obbligati a conservare per scopi amministrativi, legali o di sicurezza.<\/p><!-- \/wp:paragraph --><!-- wp:heading --><h2>Dove spediamo i tuoi dati<\/h2><!-- \/wp:heading --><!-- wp:paragraph --><p><strong class=\"privacy-policy-tutorial\">Testo suggerito: <\/strong>I commenti dei visitatori possono essere controllati attraverso un servizio di rilevamento automatico dello spam.<\/p><!-- \/wp:paragraph -->","_et_gb_content_width":"","footnotes":""},"class_list":["post-3","page","type-page","status-publish","hentry"],"_links":{"self":[{"href":"https:\/\/www.nutrizionistalorenzostella.it\/index.php\/wp-json\/wp\/v2\/pages\/3","targetHints":{"allow":["GET"]}}],"collection":[{"href":"https:\/\/www.nutrizionistalorenzostella.it\/index.php\/wp-json\/wp\/v2\/pages"}],"about":[{"href":"https:\/\/www.nutrizionistalorenzostella.it\/index.php\/wp-json\/wp\/v2\/types\/page"}],"author":[{"embeddable":true,"href":"https:\/\/www.nutrizionistalorenzostella.it\/index.php\/wp-json\/wp\/v2\/users\/1"}],"replies":[{"embeddable":true,"href":"https:\/\/www.nutrizionistalorenzostella.it\/index.php\/wp-json\/wp\/v2\/comments?post=3"}],"version-history":[{"count":2,"href":"https:\/\/www.nutrizionistalorenzostella.it\/index.php\/wp-json\/wp\/v2\/pages\/3\/revisions"}],"predecessor-version":[{"id":670,"href":"https:\/\/www.nutrizionistalorenzostella.it\/index.php\/wp-json\/wp\/v2\/pages\/3\/revisions\/670"}],"wp:attachment":[{"href":"https:\/\/www.nutrizionistalorenzostella.it\/index.php\/wp-json\/wp\/v2\/media?parent=3"}],"curies":[{"name":"wp","href":"https:\/\/api.w.org\/{rel}","templated":true}]}}